er when 38 is divided by ((-2)/o)/((-6)/234)?
12
Let p(g) = 3*g + 2 - 9*g - 51*g**2 + 52*g**2. Calculate the remainder when p(-3) is divided by 15.
14
Let y(f) = f**3 - 5*f**2 - 6*f + 6. Let i be y(6). Let w(g) = g. What is the remainder when 10 is divided by w(i)?
4
Let d(g) = 3*g**2 - 10*g - 21. What is the remainder when d(-4) is divided by 36?
31
Suppose 4*s = 59 + 1. Suppose -3*m = y + 4*y - 270, 3*y - 146 = -5*m. Calculate the remainder when y is divided by s.
12
Let w(p) = p + 36. What is the remainder when 177 is divided by w(9)?
42
Let n(j) = j**2 + 12*j - 18. What is the remainder when 39 is divided by n(-14)?
9
Suppose -2*c + 26 = 2*n - 3*n, 2*c - 4*n = 38. Calculate the remainder when c is divided by 6.
5
Suppose 0 = 2*h + 10 - 44. What is the remainder when h is divided by 11?
6
Calculate the remainder when -1*13*(-3 + 2) is divided by 7.
6
Let l = -4 + 4. Let g(m) = 4*m - 2 + l - 9*m. Calculate the remainder when g(-2) is divided by 5.
3
Let b be 12*(-2 - (-15)/6). Let v be (-8)/(-3)*9/b. Suppose v*m - 45 = -9. What is the remainder when m is divided by 5?
4
Let h be (-25)/(-3) + (-2)/(-3). Let n = 4 + h. What is the remainder when 25 is divided by n?
12
Let m = 30 - -3. What is the remainder when 261 is divided by m?
30
Let b = 13 - -21. Calculate the remainder when b is divided by 12.
10
Suppose o - 4*r - 44 = 0, -o + 4*o - 4*r - 92 = 0. Calculate the remainder when o is divided by 2.
0
Let h = 22 - 8. Suppose -3*k + 5*y = -15 - h, 5*k - 5*y - 65 = 0. Let j = k + -3. What is the remainder when 43 is divided by j?
13
Suppose 3*x = 6*x - 78. What is the remainder when x is divided by 9?
8
Let g = 2 - -6. Let w = g + -5. Suppose w*u + 56 = 7*u. Calculate the remainder when 40 is divided by u.
12
Let z = 17 - -30. Let m(x) = -x**2 + x + 16. Calculate the remainder when z is divided by m(0).
15
Suppose a = -0*a + 7. Suppose -57 = -2*j - 3*i, -j + 9*i = 4*i - 22. What is the remainder when j is divided by a?
6
Let u(f) = -2*f**2 - 5*f + 5. Let c be u(-5). Suppose 3*a + 0*a + 3*d - 18 = 0, -3*d = -12. Calculate the remainder when (25/c)/((-1)/4) is divided by a.
1
Let z(g) = 0*g**3 + g**3 - 3*g**2 + 0*g**3. Let i be z(3). Suppose i = 5*v + s - 80, -3*s + 48 = 4*v + s. What is the remainder when v is divided by 9?
8
Calculate the remainder when 21 is divided by -1 - (76/(-10) + 2/(-5)).
0
Let p(r) = 8 + r - 5 + r. Let j be p(7). Suppose 2*k - 51 - j = 0. What is the remainder when k is divided by 12?
10
Let t = 0 + 5. Suppose -t*k + 0*j + j = 30, -4*k - 38 = 2*j. Let n = k + 22. Calculate the remainder when 29 is divided by n.
14
Suppose -10*t = -15*t + 985. Calculate the remainder when t is divided by 40.
37
Suppose 138 = 3*u + 2*p - 5*p, 0 = 2*p. What is the remainder when u is divided by 12?
10
Calculate the remainder when 16 is divided by (-24 + 22)/(4/(-6)).
1
Suppose 57 - 83 = -2*t. Suppose -m + 36 + 5 = x, 0 = -4*m + 2*x + 140. What is the remainder when m is divided by t?
11
Suppose 0*b = 2*b - 16. What is the remainder when 5/2*b/2 is divided by 6?
4
Let a = -36 + 62. Calculate the remainder when a is divided by 9.
8
Let t(p) = -1 + 0 + p**2 + 3 + 4*p - 1. Let w = -1 - -4. Calculate the remainder when w is divided by t(-4).
0
Let j = 3 + -5. Let k be (-1)/2 - (-5)/j. What is the remainder when ((-14)/k)/(4/6) is divided by 3?
1
Suppose -5*v - 4*h = -31, v = -0*v - 3*h + 15. Suppose v*u - 3*a - 49 = -a, 0 = -3*u - a + 52. What is the remainder when 194/6 - (-1)/(-3) is divided by u?
15
Suppose 2*y - 180 = -2*m - 2*y, 0 = -4*m + 5*y + 321. Suppose 4*b - 2 - 6 = c, -m = 3*c + 3*b. Let r = -10 - c. Calculate the remainder when 26 is divided by r.
12
Suppose 0 = -9*o + 10*o - 17. Let b(a) = -a**3 + 5*a**2 + 5*a - 5. Let x be b(5). Suppose x = -3*w + 5*w. What is the remainder when o is divided by w?
7
Let x be 1/(0 + -1 + 2). Suppose -2*k + 4 = -2*t, -8*k + 5 = -3*k. What is the remainder when x - (-1 + (t - -2)) is divided by 1?
0
Let h = 22 + -40. Let r = -12 - h. Suppose 2*p = r*p - 28. What is the remainder when p is divided by 4?
3
Let d(v) = 5*v - 10. Let g be d(12). Let w = -28 + g. Calculate the remainder when 85 is divided by w.
19
Suppose -4*l + g - 1 + 56 = 0, 2*l + g = 29. Let s = -3 + 7. Suppose -s*v + 3 = -101. What is the remainder when v is divided by l?
12
Suppose -3*s - 3 = -9. Suppose i + 14 = s*i. What is the remainder when (3 - (0 + -21)) + 3 is divided by i?
13
Let q be ((-4)/(-6))/((-2)/18). Let z be q/3*(-57 - 0). Suppose -3*v - 4*y = -z, 0 = -0*y + 3*y. What is the remainder when v is divided by 20?
18
Let v = -21 + 30. Let l(y) = y**2 + 9*y + 9. Let q be l(-6). Let k(r) = -r**3 - 8*r**2 + 7*r + 7. Calculate the remainder when k(q) is divided by v.
7
Suppose -4*g = 12*g - 48. What is the remainder when 7 is divided by g?
1
Let i(p) be the third derivative of -p**4/12 - 7*p**3/3 - 9*p**2. Calculate the remainder when 9 is divided by i(-10).
3
Let a = -6 + 30. What is the remainder when 167 is divided by a?
23
Suppose 4*y - 71 = 5*j, 4*y = -7*j + 3*j + 80. What is the remainder when y - (2 + 1*-4) is divided by 12?
9
Suppose 5*x + w = 2*w + 24, 13 = 3*x - 2*w. Let m(n) = -n**2 + 6. Let b be m(0). Suppose b*j - 3*j - 42 = 0. Calculate the remainder when j is divided by x.
4
Let u(z) = -z**3 - 6*z**2 - 6*z. Let r be (-2)/7 - 990/(-35). Suppose 2*w + 0*w = r. What is the remainder when w is divided by u(-5)?
4
Suppose 0 = 2*v - 10 + 2. Suppose -3*i + 41 = -v*n, 0*i - 2*i + 19 = -n. Let k = 10 - 6. What is the remainder when i is divided by k?
3
Suppose s - 6*s = -25. Let f = 31 + -14. What is the remainder when f is divided by s?
2
Let t = 6 + -2. Suppose 4*r - 124 - t = 0. Calculate the remainder when r is divided by 7.
4
Let n(m) = 6*m**2 - 4*m - 10. Calculate the remainder when n(3) is divided by 18.
14
Let f = -60 + 120. What is the remainder when f is divided by 9?
6
Let r = 32 - -15. Calculate the remainder when r is divided by 13.
8
Suppose -3*h + g = -16, 4*h + 5*g + 0*g - 15 = 0. Let b = -34 + 47. What is the remainder when b is divided by h?
3
What is the remainder when 202 - -4 - (2 - 0) is divided by 23?
20
Suppose -k - 4*b = -2, -3*k - 2*b - 2*b = -46. Suppose -4*i + 2*i = -98. Suppose 4*c + 1 = i. Calculate the remainder when k is divided by c.
10
Let l(d) = d**3 - 7*d**2 - 9*d + 11. Let b be l(8). Let z be (-1)/(b/(-6))*-2. What is the remainder when 22 is divided by 2/z - (-50)/4?
10
Let a(q) = -q**2 + 8*q + 3. Let b(n) = -9*n. Let c be b(-4). Suppose c = o - 8. What is the remainder when o is divided by a(6)?
14
Let u be 10/55 - 62/(-22). Suppose -11 = -u*a + 10. What is the remainder when 19 is divided by a?
5
Let h(w) = -w**2 - 8*w - 9. Let u be (-104)/18 + 6/(-27). Calculate the remainder when 6 - (0/1 + 2) is divided by h(u).
1
Suppose 4*l - 5*x - 100 = 0, -4*l = -2*x - 2*x - 96. Calculate the remainder when 38 is divided by l.
18
Suppose -164 = -5*u - 4*t, 0 = 5*u - u - 5*t - 123. Suppose r + 2*q = u, -5*r - 2*q + 7*q + 130 = 0. Calculate the remainder when 83 is divided by r.
27
Let r(b) = 20*b - 13. What is the remainder when r(4) is divided by 10?
7
Let d(c) = c**2 - c. Let q(v) = v**3 + 3*v**2 - 2*v - 12. Let i(x) = 3*d(x) - q(x). What is the remainder when 1 + 30 + 1 - -3 is divided by i(0)?
11
Suppose 37 = 2*d - 1. Suppose -112 - 78 = -5*k - 4*j, 4*j + 76 = 2*k. Suppose s = 2*n - 0 - 17, k = 5*n - s. Calculate the remainder when d is divided by n.
5
Suppose 0 = 2*z - 19 + 1. What is the remainder when 62 is divided by z?
8
Suppose -5*u + 4*v = -801, u + 4*v - v = 164. Calculate the remainder when u is divided by 41.
38
Let b(z) = 3*z - 1. What is the remainder when 9 is divided by b(1)?
1
Let b = 74 - 31. Let a = 20 - -2. What is the remainder when b is divided by a?
21
Let a(t) = t**2 + 2*t + 7. Let l(z) = z + 10. Let p be l(-5). Calculate the remainder when a(p) is divided by 15.
12
Let y(s) = s**2 + 2*s + 27. What is the remainder when y(0) is divided by 14?
13
Let f = -16 - -11. Let i = f - -10. Suppose -2*g = q - 19, -i*g + g + 5*q + 45 = 0. What is the remainder when g is divided by 6?
4
Suppose 6*p - 8*p = 0, 5*x + 2*p = 90. Let c = -62 + 132. What is the remainder when c is divided by x?
16
Let y = -12 - -8. Let c = y - -45. What is the remainder when c is divided by 11?
